ite number?
True
Is 222949 prime?
False
Is 17807 a composite number?
False
Is 207401 composite?
False
Is 78557 a prime number?
False
Is 851 composite?
True
Is 89147 composite?
True
Is 12055 prime?
False
Is 15811 composite?
True
Is 203 composite?
True
Is 704747 composite?
False
Is 324661 prime?
True
Is 8779 prime?
True
Is 82129 a composite number?
False
Is 8441 a composite number?
True
Is 38197 a composite number?
False
Is 82051 composite?
False
Is 13863 a prime number?
False
Is 4279 composite?
True
Is 1379333 a prime number?
False
Is 2633 a composite number?
False
Is 463877 a prime number?
False
Is 63634 prime?
False
Is 422405 a composite number?
True
Is 109119 prime?
False
Is 302111 a prime number?
True
Is 409073 a prime number?
False
Is 496399 prime?
True
Is 156935 a composite number?
True
Is 44869 composite?
True
Is 11906 a composite number?
True
Is 135887 composite?
False
Is 9871 prime?
True
Is 109661 a prime number?
True
Is 4577 a composite number?
True
Is 172369 a prime number?
False
Is 62797 a composite number?
True
Is 318907 a prime number?
True
Is 661417 composite?
False
Is 7509 prime?
False
Is 72161 a composite number?
False
Is 146831 prime?
False
Is 1957 a prime number?
False
Is 25093 a prime number?
False
Is 91354 a prime number?
False
Is 203 a composite number?
True
Is 457291 composite?
True
Is 2333 a composite number?
False
Is 1157 prime?
False
Is 635 a composite number?
True
Is 162698 a prime number?
False
Is 2459 a prime number?
True
Is 10831 prime?
True
Is 299809 a composite number?
True
Is 270559 prime?
False
Is 8639 a composite number?
True
Is 1657 a composite number?
False
Is 16163 composite?
True
Is 2414861 a composite number?
False
Is 6541 a prime number?
False
Is 604057 a prime number?
True
Is 5737 a composite number?
False
Is 39503 a composite number?
False
Is 10163273 prime?
True
Is 1711 composite?
True
Is 13913 prime?
True
Is 41381 composite?
False
Is 42281 prime?
True
Is 18637 prime?
True
Is 46103 prime?
True
Is 41351 a prime number?
True
Is 38207 prime?
False
Is 16279 a composite number?
True
Is 4561 composite?
False
Is 9753 composite?
True
Is 47339 prime?
True
Is 765691 prime?
False
Is 422963 prime?
False
Is 104201 a composite number?
True
Is 22187 composite?
True
Is 2380199 composite?
False
Is 9997 a prime number?
False
Is 8182 prime?
False
Is 33809 a prime number?
True
Is 51751 a prime number?
False
Is 16795 a prime number?
False
Is 52489 composite?
False
Is 19121 prime?
True
Is 30497 a composite number?
False
Is 11549 composite?
False
Is 50703 a prime number?
False
Is 58391 a composite number?
False
Is 75557 prime?
True
Is 291331 composite?
False
Is 80673 a composite number?
True
Is 46855 a prime number?
False
Is 358531 prime?
True
Is 50671 composite?
False
Is 1026521 composite?
False
Is 119461 a composite number?
True
Is 81443 a prime number?
False
Is 580711 prime?
True
Is 49597 a composite number?
False
Is 68989 prime?
False
Is 466781 a composite number?
True
Is 88289 a prime number?
True
Is 18553 composite?
False
Is 30901 a prime number?
False
Is 21002 a composite number?
True
Is 102919 a composite number?
True
Is 2315567 a prime number?
True
Is 1004257 composite?
True
Is 144862 prime?
False
Is 25711 composite?
True
Is 34297 a composite number?
False
Is 4783 a prime number?
True
Is 10393 prime?
False
Is 8989 composite?
True
Is 40753 a composite number?
True
Is 379 prime?
True
Is 4583 prime?
True
Is 37691 prime?
True
Is 36187 prime?
True
Is 357017 prime?
False
Is 839 a composite number?
False
Is 12301 prime?
True
Is 1086031 a composite number?
False
Is 7363 a composite number?
True
Is 63677 composite?
True
Is 24929 composite?
True
Is 2017 a prime number?
True
Is 14051 prime?
True
Is 2411 a composite number?
False
Is 77791 composite?
True
Is 238387 composite?
True
Is 1002179 a prime number?
False
Is 356435 a composite number?
True
Is 381319 composite?
False
Is 69131 a prime number?
False
Is 13739 composite?
True
Is 115397 composite?
True
Is 177589 a composite number?
False
Is 747107 composite?
False
Is 342331 composite?
True
Is 115361 composite?
False
Is 890726 a composite number?
True
Is 40841 a composite number?
False
Is 1330309 a prime number?
True
Is 13523 a composite number?
False
Is 110113 a composite number?
True
Is 50889 prime?
False
Is 17257 a composite number?
False
Is 95938 a composite number?
True
Is 969279 prime?
False
Is 17785 a composite number?
True
Is 5639 prime?
True
Is 60569 prime?
False
Is 415343 prime?
True
Is 702263 prime?
False
Is 107083 prime?
False
Is 1361 composite?
False
Is 61057 prime?
True
Is 312371 composite?
False
Is 7235 a prime number?
False
Is 959 a composite number?
True
Is 62026 composite?
True
Is 453227 prime?
True
Is 6159 composite?
True
Is 375731 a prime number?
False
Is 3359 composite?
False
Is 15439 prime?
True
Is 881057 a prime number?
True
Is 39851 composite?
True
Is 215617 a composite number?
False
Is 553227 a prime number?
False
Is 2329 a prime number?
False
Is 745873 a composite number?
False
Is 20411 a prime number?
True
Is 11177 a prime number?
True
Is 885215 a composite number?
True
Is 589477 composite?
True
Is 84739 composite?
True
Is 220085 a composite number?
True
Is 33007 a composite number?
True
Is 38501 a composite number?
False
Is 966389 a composite number?
False
Is 667 composite?
True
Is 283721 prime?
True
Is 801829 a composite number?
True
Is 6101 composite?
False
Is 65629 composite?
False
Is 392781 prime?
False
Is 8942801 composite?
True
Is 99233 a composite number?
False
Is 36619 composite?
True
Is 539029 prime?
False
Is 877567 a prime number?
True
Is 1511119 composite?
False
Is 69919 a composite number?
True
Is 68611 a prime number?
True
Is 47591 a prime number?
True
Is 1452109 a prime number?
True
Is 3036655 composite?
True
Is 17209 a prime number?
True
Is 12302 a prime number?
False
Is 233641 a composite number?
False
Is 228814 a prime number?
False
Is 986047 a prime number?
True
Is 46834 a prime number?
False
Is 1393037 prime?
False
Is 59263 a prime number?
True
Is 20441 prime?
True
Is 27397 prime?
True
Is 2245 prime?
False
Is 34031 a prime number?
True
Is 3239 a composite number?
True
Is 4645 prime?
False
Is 27557 a composite number?
True
Is 36353 a prime number?
True
Is 4530853 composite?
False
Is 1115987 composite?
False
Is 3593 a composite number?
False
Is 83014 a composite number?
True
Is 58585 a prime number?
False
Is 19105 composite?
True
Is 590867 composite?
False
Is 168695 composite?
True
Is 133879 prime?
False
Is 1005751 composite?
False
Is 32105 a composite number?
True
Is 127 prime?
True
Is 39679 a composite number?
False
Is 36181 a prime number?
False
Is 667727 a prime number?
True
Is 607799 prime?
False
Is 1411117 composite?
False
Is 509263 a composite number?
False
Is 1905767 a composite number?
False
Is 4831 prime?
True
Is 485 a composite number?
True
Is 263533 a prime number?
True
Is 2719 prime?
True
Is 30202 composite?
True
Is 77851 a composite number?
True
Is 18617 a prime number?
True
Is 2831 a prime number?
False
Is 1115 a composite number?
True
Is 1327 composite?
False
Is 18319 a prime number?
False
Is 4997 prime?
False
Is 3371 composite?
False
Is 2084777 a prime number?
True
Is 2333 a composite number?
False
Is 209527 a prime number?
False
Is 4547 a composite number?
False
Is 303262 a prime number?
False
Is 1229 prime?
True
Is 923 prime?
False
Is 65357 a prime number?
True
Is 44017 a prime number?
True
Is 19813 a composite number?
False
Is 140533 composite?
False
Is 7919 composite?
False
Is 6487 a composite number?
True
Is 427213 prime?
True
Is 20287 a prime number?
True
Is 31129 a prime number?
False
Is 359251 prime?
False
Is 6899 composite?
False
Is 45481 prime?
True
Is 161911 composite?
False
Is 417389 composite?
True
Is 38271 a composite number?
True
Is 2604769 a composite number?
False
Is 188827 a composite number?
False
Is 379 a composite number?
False
Is 7799 composite?
True
Is 622767 a composite number?
True
Is 274891 prime?
False
Is 1730086 a prime number?
False
Is 420221 a prime number?
True
Is 26819 a composite number?
True
Is 326 a composite number?
True
Is 153565 a prime number?
False
Is 92551 prime?
True
Is 3043 prime?
False
Is 245251 prime?
True
Is 979 a composite number?
True
Is 28417 a composite number?
